{"id":1231,"date":"2024-04-16T21:14:50","date_gmt":"2024-04-16T20:14:50","guid":{"rendered":"https:\/\/clasicasierracentro.com\/?page_id=1231"},"modified":"2025-09-22T22:29:41","modified_gmt":"2025-09-22T21:29:41","slug":"ix-clasica-sierra-centro","status":"publish","type":"page","link":"https:\/\/clasicasierracentro.com\/?page_id=1231","title":{"rendered":"IX Cl\u00e1sica Sierra Centro"},"content":{"rendered":"\n<div class=\"wp-block-columns alignwide is-layout-flex wp-container-core-columns-is-layout-9d6595d7 wp-block-columns-is-layout-flex\">\n<div class=\"wp-block-column is-layout-flow wp-block-column-is-layout-flow\">\n<div class=\"wp-block-group has-background\" style=\"background-color:#ffffff\"><div class=\"wp-block-group__inner-container is-layout-flow wp-block-group-is-layout-flow\">\n<h2 class=\"wp-block-heading has-text-align-center\">Clasificaci\u00f3n<\/h2>\n\n\n\n<figure class=\"wp-block-gallery has-nested-images columns-default is-cropped wp-block-gallery-1 is-layout-flex wp-block-gallery-is-layout-flex\">\n<figure class=\"wp-block-image size-large\"><img loading=\"lazy\" decoding=\"async\" width=\"452\" height=\"144\" data-id=\"121\" src=\"http:\/\/clasicasierracentro.com\/wp-content\/uploads\/2022\/01\/podium.jpg\" alt=\"\" class=\"wp-image-121\" srcset=\"https:\/\/clasicasierracentro.com\/wp-content\/uploads\/2022\/01\/podium.jpg 452w, https:\/\/clasicasierracentro.com\/wp-content\/uploads\/2022\/01\/podium-300x96.jpg 300w\" sizes=\"auto, (max-width: 452px) 100vw, 452px\" \/><\/figure>\n<\/figure>\n\n\n\n<p class=\"has-text-align-center\"><strong>1\u00ba- Alejandro Gimena \u2013 Beatriz L\u00f3pez <\/strong><\/p>\n\n\n\n<p class=\"has-text-align-center\"><strong>2\u00ba- Luis Men\u00e9ndez \u2013 Wendy Guzm\u00e1n<\/strong><\/p>\n\n\n\n<p class=\"has-text-align-center\"><strong>3\u00ba- Julio Enrique Mart\u00edn \u2013 Blanca Pastor<\/strong><\/p>\n\n\n\n<div class=\"wp-block-buttons is-horizontal is-content-justification-center is-layout-flex wp-container-core-buttons-is-layout-499968f5 wp-block-buttons-is-layout-flex\">\n<div class=\"wp-block-button is-style-outline is-style-outline--2\"><a class=\"wp-block-button__link has-primary-color has-text-color has-background wp-element-button\" href=\"https:\/\/docs.google.com\/spreadsheets\/d\/1El23EZ3Jo3ybGNUkpo6P53DHa0XtWrjv\/edit?usp=sharing&amp;ouid=102280316388655615614&amp;rtpof=true&amp;sd=true\" style=\"border-radius:25px;background-color:#160ace\" target=\"_blank\" rel=\"noreferrer noopener\"><strong><mark style=\"background-color:rgba(0, 0, 0, 0)\" class=\"has-inline-color has-background-color\">clasificaci\u00d3n<\/mark><\/strong><\/a><\/div>\n\n\n\n<div class=\"wp-block-button is-style-outline is-style-outline--3\"><a class=\"wp-block-button__link has-primary-color has-text-color has-background wp-element-button\" href=\"https:\/\/drive.google.com\/file\/d\/1hm5BScyom8YF2FF1_YhoCzZjBH4s1Sxz\/view?usp=sharing\" style=\"border-radius:25px;background-color:#160ace\" target=\"_blank\" rel=\"noreferrer noopener\"><strong><mark style=\"background-color:rgba(0, 0, 0, 0)\" class=\"has-inline-color has-background-color\">CR\u00d3NICA<\/mark><\/strong><\/a><\/div>\n<\/div>\n<\/div><\/div>\n\n\n\n<figure class=\"wp-block-image size-large\"><img loading=\"lazy\" decoding=\"async\" width=\"1024\" height=\"683\" src=\"https:\/\/clasicasierracentro.com\/wp-content\/uploads\/2024\/04\/437381807_934946888632268_5577307579981190777_n-1024x683.jpg\" alt=\"\" class=\"wp-image-1233\" srcset=\"https:\/\/clasicasierracentro.com\/wp-content\/uploads\/2024\/04\/437381807_934946888632268_5577307579981190777_n-1024x683.jpg 1024w, https:\/\/clasicasierracentro.com\/wp-content\/uploads\/2024\/04\/437381807_934946888632268_5577307579981190777_n-300x200.jpg 300w, https:\/\/clasicasierracentro.com\/wp-content\/uploads\/2024\/04\/437381807_934946888632268_5577307579981190777_n-768x512.jpg 768w, https:\/\/clasicasierracentro.com\/wp-content\/uploads\/2024\/04\/437381807_934946888632268_5577307579981190777_n-1536x1024.jpg 1536w, https:\/\/clasicasierracentro.com\/wp-content\/uploads\/2024\/04\/437381807_934946888632268_5577307579981190777_n-1200x800.jpg 1200w, https:\/\/clasicasierracentro.com\/wp-content\/uploads\/2024\/04\/437381807_934946888632268_5577307579981190777_n-1980x1320.jpg 1980w, https:\/\/clasicasierracentro.com\/wp-content\/uploads\/2024\/04\/437381807_934946888632268_5577307579981190777_n.jpg 2048w\" sizes=\"auto, (max-width: 1024px) 100vw, 1024px\" \/><\/figure>\n\n\n\n<figure class=\"wp-block-image size-full\"><img loading=\"lazy\" decoding=\"async\" width=\"898\" height=\"460\" src=\"https:\/\/clasicasierracentro.com\/wp-content\/uploads\/2023\/11\/cropped-Palca-IX-Clasica-Sierra-Centro-24.png\" alt=\"\" class=\"wp-image-958\" srcset=\"https:\/\/clasicasierracentro.com\/wp-content\/uploads\/2023\/11\/cropped-Palca-IX-Clasica-Sierra-Centro-24.png 898w, https:\/\/clasicasierracentro.com\/wp-content\/uploads\/2023\/11\/cropped-Palca-IX-Clasica-Sierra-Centro-24-300x154.png 300w, https:\/\/clasicasierracentro.com\/wp-content\/uploads\/2023\/11\/cropped-Palca-IX-Clasica-Sierra-Centro-24-768x393.png 768w\" sizes=\"auto, (max-width: 898px) 100vw, 898px\" \/><\/figure>\n<\/div>\n\n\n\n<div class=\"wp-block-column is-layout-flow wp-block-column-is-layout-flow\">\n<div class=\"wp-block-group has-background\" style=\"background-color:#ffffff\"><div class=\"wp-block-group__inner-container is-layout-flow wp-block-group-is-layout-flow\">\n<h2 class=\"wp-block-heading has-text-align-center\">Fotograf\u00edas<\/h2>\n\n\n<div class=\"wp-block-image\">\n<figure class=\"aligncenter size-full\"><img loading=\"lazy\" decoding=\"async\" width=\"200\" height=\"165\" src=\"https:\/\/clasicasierracentro.com\/wp-content\/uploads\/2025\/04\/Camara-fotos-e1758575331359.png\" alt=\"\" class=\"wp-image-1717\"\/><\/figure>\n<\/div>\n\n\n<div class=\"wp-block-buttons is-horizontal is-content-justification-center is-layout-flex wp-container-core-buttons-is-layout-499968f5 wp-block-buttons-is-layout-flex\">\n<div class=\"wp-block-button is-style-outline is-style-outline--4\"><a class=\"wp-block-button__link has-primary-color has-text-color has-background wp-element-button\" href=\"https:\/\/www.facebook.com\/media\/set\/?set=a.934337238693233&amp;type=3&amp;locale=es_ES\" style=\"border-radius:25px;background-color:#160ace\" target=\"_blank\" rel=\"noreferrer noopener\"><strong><mark style=\"background-color:rgba(0, 0, 0, 0)\" class=\"has-inline-color has-background-color\">paRQUE CERRADO<\/mark><\/strong><\/a><\/div>\n\n\n\n<div class=\"wp-block-button is-style-outline is-style-outline--5\"><a class=\"wp-block-button__link has-primary-color has-text-color has-background wp-element-button\" href=\"https:\/\/www.facebook.com\/media\/set\/?set=a.934382402022050&amp;type=3&amp;locale=es_ES\" style=\"border-radius:25px;background-color:#160ace\" target=\"_blank\" rel=\"noreferrer noopener\"><strong><mark style=\"background-color:rgba(0, 0, 0, 0)\" class=\"has-inline-color has-background-color\">TC 1 <\/mark><\/strong><\/a><\/div>\n\n\n\n<div class=\"wp-block-button is-style-outline is-style-outline--6\"><a class=\"wp-block-button__link has-primary-color has-text-color has-background wp-element-button\" href=\"https:\/\/www.facebook.com\/media\/set\/?set=a.934417682018522&amp;type=3&amp;locale=es_ES\" style=\"border-radius:25px;background-color:#160ace\" target=\"_blank\" rel=\"noreferrer noopener\"><strong><mark style=\"background-color:rgba(0, 0, 0, 0)\" class=\"has-inline-color has-background-color\">tc 3<\/mark><\/strong><\/a><\/div>\n\n\n\n<div class=\"wp-block-button is-style-outline is-style-outline--7\"><a class=\"wp-block-button__link has-primary-color has-text-color has-background wp-element-button\" href=\"https:\/\/www.facebook.com\/media\/set\/?set=a.934968741963416&amp;type=3&amp;locale=es_ES\" style=\"border-radius:25px;background-color:#160ace\" target=\"_blank\" rel=\"noreferrer noopener\"><strong><mark style=\"background-color:rgba(0, 0, 0, 0)\" class=\"has-inline-color has-background-color\"><strong><mark style=\"background-color:rgba(0, 0, 0, 0)\" class=\"has-inline-color has-background-color\">tC 4.1<\/mark><\/strong><\/mark><\/strong><\/a><\/div>\n\n\n\n<div class=\"wp-block-button is-style-outline is-style-outline--8\"><a class=\"wp-block-button__link has-primary-color has-text-color has-background wp-element-button\" href=\"https:\/\/www.facebook.com\/media\/set\/?set=a.935103071949983&amp;type=3&amp;locale=es_ES\" style=\"border-radius:25px;background-color:#160ace\" target=\"_blank\" rel=\"noreferrer noopener\"><strong><mark style=\"background-color:rgba(0, 0, 0, 0)\" class=\"has-inline-color has-background-color\"><strong><mark style=\"background-color:rgba(0, 0, 0, 0)\" class=\"has-inline-color has-background-color\">tC 4.2  <\/mark><\/strong><\/mark><\/strong><\/a><\/div>\n\n\n\n<div class=\"wp-block-button is-style-outline is-style-outline--9\"><a class=\"wp-block-button__link has-primary-color has-text-color has-background wp-element-button\" href=\"https:\/\/www.facebook.com\/media\/set\/?set=a.935110095282614&amp;type=3&amp;locale=es_ES\" style=\"border-radius:25px;background-color:#160ace\" target=\"_blank\" rel=\"noreferrer noopener\"><strong><mark style=\"background-color:rgba(0, 0, 0, 0)\" class=\"has-inline-color has-background-color\"><strong><mark style=\"background-color:rgba(0, 0, 0, 0)\" class=\"has-inline-color has-background-color\">COMIDA<\/mark><\/strong><\/mark><\/strong><\/a><\/div>\n\n\n\n<div class=\"wp-block-button is-style-outline is-style-outline--10\"><a class=\"wp-block-button__link has-primary-color has-text-color has-background wp-element-button\" href=\"https:\/\/www.facebook.com\/media\/set\/?set=a.936406308486326&amp;type=3&amp;locale=es_ES\" style=\"border-radius:25px;background-color:#160ace\" target=\"_blank\" rel=\"noreferrer noopener\"><strong><mark style=\"background-color:rgba(0, 0, 0, 0)\" class=\"has-inline-color has-background-color\"><strong><mark style=\"background-color:rgba(0, 0, 0, 0)\" class=\"has-inline-color has-background-color\">TC 7<\/mark><\/strong><\/mark><\/strong><\/a><\/div>\n\n\n\n<div class=\"wp-block-button is-style-outline is-style-outline--11\"><a class=\"wp-block-button__link has-primary-color has-text-color has-background wp-element-button\" href=\"https:\/\/www.facebook.com\/media\/set\/?set=a.935864505207173&amp;type=3&amp;locale=es_ES\" style=\"border-radius:25px;background-color:#160ace\" target=\"_blank\" rel=\"noreferrer noopener\"><strong><mark style=\"background-color:rgba(0, 0, 0, 0)\" class=\"has-inline-color has-background-color\"><strong><mark style=\"background-color:rgba(0, 0, 0, 0)\" class=\"has-inline-color has-background-color\">TC 8<\/mark><\/strong><\/mark><\/strong><\/a><\/div>\n\n\n\n<div class=\"wp-block-button is-style-outline is-style-outline--12\"><a class=\"wp-block-button__link has-primary-color has-text-color has-background wp-element-button\" href=\"https:\/\/www.facebook.com\/media\/set\/?set=a.935876808539276&amp;type=3&amp;locale=es_ES\" style=\"border-radius:25px;background-color:#160ace\" target=\"_blank\" rel=\"noreferrer noopener\"><strong><mark style=\"background-color:rgba(0, 0, 0, 0)\" class=\"has-inline-color has-background-color\"><strong><mark style=\"background-color:rgba(0, 0, 0, 0)\" class=\"has-inline-color has-background-color\">entrega de trofeOS<\/mark><\/strong><\/mark><\/strong><\/a><\/div>\n<\/div>\n<\/div><\/div>\n\n\n\n<figure class=\"wp-block-image size-full\"><img loading=\"lazy\" decoding=\"async\" width=\"1128\" height=\"1600\" src=\"http:\/\/clasicasierracentro.com\/wp-content\/uploads\/2024\/04\/Cartel-IX-Clasica-Sierra-Centro-24-1.jpg\" alt=\"\" class=\"wp-image-1221\" srcset=\"https:\/\/clasicasierracentro.com\/wp-content\/uploads\/2024\/04\/Cartel-IX-Clasica-Sierra-Centro-24-1.jpg 1128w, https:\/\/clasicasierracentro.com\/wp-content\/uploads\/2024\/04\/Cartel-IX-Clasica-Sierra-Centro-24-1-212x300.jpg 212w, https:\/\/clasicasierracentro.com\/wp-content\/uploads\/2024\/04\/Cartel-IX-Clasica-Sierra-Centro-24-1-722x1024.jpg 722w, https:\/\/clasicasierracentro.com\/wp-content\/uploads\/2024\/04\/Cartel-IX-Clasica-Sierra-Centro-24-1-768x1089.jpg 768w, https:\/\/clasicasierracentro.com\/wp-content\/uploads\/2024\/04\/Cartel-IX-Clasica-Sierra-Centro-24-1-1083x1536.jpg 1083w\" sizes=\"auto, (max-width: 1128px) 100vw, 1128px\" \/><\/figure>\n<\/div>\n<\/div>\n","protected":false},"excerpt":{"rendered":"<p>Clasificaci\u00f3n 1\u00ba- Alejandro Gimena \u2013 Beatriz L\u00f3pez 2\u00ba- Luis Men\u00e9ndez \u2013 Wendy Guzm\u00e1n 3\u00ba- Julio Enrique Mart\u00edn \u2013 Blanca Pastor Fotograf\u00edas<\/p>\n","protected":false},"author":1,"featured_media":0,"parent":0,"menu_order":0,"comment_status":"closed","ping_status":"closed","template":"","meta":{"om_disable_all_campaigns":false,"_monsterinsights_skip_tracking":false,"_monsterinsights_sitenote_active":false,"_monsterinsights_sitenote_note":"","_monsterinsights_sitenote_category":0,"footnotes":""},"class_list":["post-1231","page","type-page","status-publish","hentry"],"yoast_head":"<!-- This site is optimized with the Yoast SEO plugin v27.4 - https:\/\/yoast.com\/product\/yoast-seo-wordpress\/ -->\n<title>IX Cl\u00e1sica Sierra Centro | CL\u00c1SICA SIERRA CENTRO<\/title>\n<meta name=\"robots\" content=\"index, follow, max-snippet:-1, max-image-preview:large, max-video-preview:-1\" \/>\n<link rel=\"canonical\" href=\"https:\/\/clasicasierracentro.com\/?page_id=1231\" \/>\n<meta property=\"og:locale\" content=\"es_ES\" \/>\n<meta property=\"og:type\" content=\"article\" \/>\n<meta property=\"og:title\" content=\"IX Cl\u00e1sica Sierra Centro | CL\u00c1SICA SIERRA CENTRO\" \/>\n<meta property=\"og:description\" content=\"Clasificaci\u00f3n 1\u00ba- Alejandro Gimena \u2013 Beatriz L\u00f3pez 2\u00ba- Luis Men\u00e9ndez \u2013 Wendy Guzm\u00e1n 3\u00ba- Julio Enrique Mart\u00edn \u2013 Blanca Pastor Fotograf\u00edas\" \/>\n<meta property=\"og:url\" content=\"https:\/\/clasicasierracentro.com\/?page_id=1231\" \/>\n<meta property=\"og:site_name\" content=\"CL\u00c1SICA SIERRA CENTRO\" \/>\n<meta property=\"article:modified_time\" content=\"2025-09-22T21:29:41+00:00\" \/>\n<meta property=\"og:image\" content=\"https:\/\/clasicasierracentro.com\/wp-content\/uploads\/2022\/01\/podium.jpg\" \/>\n\t<meta property=\"og:image:width\" content=\"452\" \/>\n\t<meta property=\"og:image:height\" content=\"144\" \/>\n\t<meta property=\"og:image:type\" content=\"image\/jpeg\" \/>\n<meta name=\"twitter:card\" content=\"summary_large_image\" \/>\n<meta name=\"twitter:label1\" content=\"Tiempo de lectura\" \/>\n\t<meta name=\"twitter:data1\" content=\"1 minuto\" \/>\n<script type=\"application\/ld+json\" class=\"yoast-schema-graph\">{\"@context\":\"https:\\\/\\\/schema.org\",\"@graph\":[{\"@type\":\"WebPage\",\"@id\":\"https:\\\/\\\/clasicasierracentro.com\\\/?page_id=1231\",\"url\":\"https:\\\/\\\/clasicasierracentro.com\\\/?page_id=1231\",\"name\":\"IX Cl\u00e1sica Sierra Centro | CL\u00c1SICA SIERRA CENTRO\",\"isPartOf\":{\"@id\":\"https:\\\/\\\/clasicasierracentro.com\\\/#website\"},\"primaryImageOfPage\":{\"@id\":\"https:\\\/\\\/clasicasierracentro.com\\\/?page_id=1231#primaryimage\"},\"image\":{\"@id\":\"https:\\\/\\\/clasicasierracentro.com\\\/?page_id=1231#primaryimage\"},\"thumbnailUrl\":\"http:\\\/\\\/clasicasierracentro.com\\\/wp-content\\\/uploads\\\/2022\\\/01\\\/podium.jpg\",\"datePublished\":\"2024-04-16T20:14:50+00:00\",\"dateModified\":\"2025-09-22T21:29:41+00:00\",\"breadcrumb\":{\"@id\":\"https:\\\/\\\/clasicasierracentro.com\\\/?page_id=1231#breadcrumb\"},\"inLanguage\":\"es\",\"potentialAction\":[{\"@type\":\"ReadAction\",\"target\":[\"https:\\\/\\\/clasicasierracentro.com\\\/?page_id=1231\"]}]},{\"@type\":\"ImageObject\",\"inLanguage\":\"es\",\"@id\":\"https:\\\/\\\/clasicasierracentro.com\\\/?page_id=1231#primaryimage\",\"url\":\"http:\\\/\\\/clasicasierracentro.com\\\/wp-content\\\/uploads\\\/2022\\\/01\\\/podium.jpg\",\"contentUrl\":\"http:\\\/\\\/clasicasierracentro.com\\\/wp-content\\\/uploads\\\/2022\\\/01\\\/podium.jpg\"},{\"@type\":\"BreadcrumbList\",\"@id\":\"https:\\\/\\\/clasicasierracentro.com\\\/?page_id=1231#breadcrumb\",\"itemListElement\":[{\"@type\":\"ListItem\",\"position\":1,\"name\":\"Portada\",\"item\":\"https:\\\/\\\/clasicasierracentro.com\\\/\"},{\"@type\":\"ListItem\",\"position\":2,\"name\":\"IX Cl\u00e1sica Sierra Centro\"}]},{\"@type\":\"WebSite\",\"@id\":\"https:\\\/\\\/clasicasierracentro.com\\\/#website\",\"url\":\"https:\\\/\\\/clasicasierracentro.com\\\/\",\"name\":\"CL\u00c1SICA SIERRA CENTRO\",\"description\":\"CL\u00c1SICA SIERRA CENTRO\",\"publisher\":{\"@id\":\"https:\\\/\\\/clasicasierracentro.com\\\/#\\\/schema\\\/person\\\/0dbe694ae3855c65b8c501f1728ad93a\"},\"potentialAction\":[{\"@type\":\"SearchAction\",\"target\":{\"@type\":\"EntryPoint\",\"urlTemplate\":\"https:\\\/\\\/clasicasierracentro.com\\\/?s={search_term_string}\"},\"query-input\":{\"@type\":\"PropertyValueSpecification\",\"valueRequired\":true,\"valueName\":\"search_term_string\"}}],\"inLanguage\":\"es\"},{\"@type\":[\"Person\",\"Organization\"],\"@id\":\"https:\\\/\\\/clasicasierracentro.com\\\/#\\\/schema\\\/person\\\/0dbe694ae3855c65b8c501f1728ad93a\",\"name\":\"Cl\u00e1sica Sierra Centro\",\"image\":{\"@type\":\"ImageObject\",\"inLanguage\":\"es\",\"@id\":\"https:\\\/\\\/clasicasierracentro.com\\\/wp-content\\\/uploads\\\/2025\\\/12\\\/cropped-Placa-XI-Clasica-Sierra-Centro-2026.png\",\"url\":\"https:\\\/\\\/clasicasierracentro.com\\\/wp-content\\\/uploads\\\/2025\\\/12\\\/cropped-Placa-XI-Clasica-Sierra-Centro-2026.png\",\"contentUrl\":\"https:\\\/\\\/clasicasierracentro.com\\\/wp-content\\\/uploads\\\/2025\\\/12\\\/cropped-Placa-XI-Clasica-Sierra-Centro-2026.png\",\"width\":613,\"height\":460,\"caption\":\"Cl\u00e1sica Sierra Centro\"},\"logo\":{\"@id\":\"https:\\\/\\\/clasicasierracentro.com\\\/wp-content\\\/uploads\\\/2025\\\/12\\\/cropped-Placa-XI-Clasica-Sierra-Centro-2026.png\"},\"sameAs\":[\"http:\\\/\\\/clasicasierracentro.com\"]}]}<\/script>\n<!-- \/ Yoast SEO plugin. -->","yoast_head_json":{"title":"IX Cl\u00e1sica Sierra Centro | CL\u00c1SICA SIERRA CENTRO","robots":{"index":"index","follow":"follow","max-snippet":"max-snippet:-1","max-image-preview":"max-image-preview:large","max-video-preview":"max-video-preview:-1"},"canonical":"https:\/\/clasicasierracentro.com\/?page_id=1231","og_locale":"es_ES","og_type":"article","og_title":"IX Cl\u00e1sica Sierra Centro | CL\u00c1SICA SIERRA CENTRO","og_description":"Clasificaci\u00f3n 1\u00ba- Alejandro Gimena \u2013 Beatriz L\u00f3pez 2\u00ba- Luis Men\u00e9ndez \u2013 Wendy Guzm\u00e1n 3\u00ba- Julio Enrique Mart\u00edn \u2013 Blanca Pastor Fotograf\u00edas","og_url":"https:\/\/clasicasierracentro.com\/?page_id=1231","og_site_name":"CL\u00c1SICA SIERRA CENTRO","article_modified_time":"2025-09-22T21:29:41+00:00","og_image":[{"width":452,"height":144,"url":"https:\/\/clasicasierracentro.com\/wp-content\/uploads\/2022\/01\/podium.jpg","type":"image\/jpeg"}],"twitter_card":"summary_large_image","twitter_misc":{"Tiempo de lectura":"1 minuto"},"schema":{"@context":"https:\/\/schema.org","@graph":[{"@type":"WebPage","@id":"https:\/\/clasicasierracentro.com\/?page_id=1231","url":"https:\/\/clasicasierracentro.com\/?page_id=1231","name":"IX Cl\u00e1sica Sierra Centro | CL\u00c1SICA SIERRA CENTRO","isPartOf":{"@id":"https:\/\/clasicasierracentro.com\/#website"},"primaryImageOfPage":{"@id":"https:\/\/clasicasierracentro.com\/?page_id=1231#primaryimage"},"image":{"@id":"https:\/\/clasicasierracentro.com\/?page_id=1231#primaryimage"},"thumbnailUrl":"http:\/\/clasicasierracentro.com\/wp-content\/uploads\/2022\/01\/podium.jpg","datePublished":"2024-04-16T20:14:50+00:00","dateModified":"2025-09-22T21:29:41+00:00","breadcrumb":{"@id":"https:\/\/clasicasierracentro.com\/?page_id=1231#breadcrumb"},"inLanguage":"es","potentialAction":[{"@type":"ReadAction","target":["https:\/\/clasicasierracentro.com\/?page_id=1231"]}]},{"@type":"ImageObject","inLanguage":"es","@id":"https:\/\/clasicasierracentro.com\/?page_id=1231#primaryimage","url":"http:\/\/clasicasierracentro.com\/wp-content\/uploads\/2022\/01\/podium.jpg","contentUrl":"http:\/\/clasicasierracentro.com\/wp-content\/uploads\/2022\/01\/podium.jpg"},{"@type":"BreadcrumbList","@id":"https:\/\/clasicasierracentro.com\/?page_id=1231#breadcrumb","itemListElement":[{"@type":"ListItem","position":1,"name":"Portada","item":"https:\/\/clasicasierracentro.com\/"},{"@type":"ListItem","position":2,"name":"IX Cl\u00e1sica Sierra Centro"}]},{"@type":"WebSite","@id":"https:\/\/clasicasierracentro.com\/#website","url":"https:\/\/clasicasierracentro.com\/","name":"CL\u00c1SICA SIERRA CENTRO","description":"CL\u00c1SICA SIERRA CENTRO","publisher":{"@id":"https:\/\/clasicasierracentro.com\/#\/schema\/person\/0dbe694ae3855c65b8c501f1728ad93a"},"potentialAction":[{"@type":"SearchAction","target":{"@type":"EntryPoint","urlTemplate":"https:\/\/clasicasierracentro.com\/?s={search_term_string}"},"query-input":{"@type":"PropertyValueSpecification","valueRequired":true,"valueName":"search_term_string"}}],"inLanguage":"es"},{"@type":["Person","Organization"],"@id":"https:\/\/clasicasierracentro.com\/#\/schema\/person\/0dbe694ae3855c65b8c501f1728ad93a","name":"Cl\u00e1sica Sierra Centro","image":{"@type":"ImageObject","inLanguage":"es","@id":"https:\/\/clasicasierracentro.com\/wp-content\/uploads\/2025\/12\/cropped-Placa-XI-Clasica-Sierra-Centro-2026.png","url":"https:\/\/clasicasierracentro.com\/wp-content\/uploads\/2025\/12\/cropped-Placa-XI-Clasica-Sierra-Centro-2026.png","contentUrl":"https:\/\/clasicasierracentro.com\/wp-content\/uploads\/2025\/12\/cropped-Placa-XI-Clasica-Sierra-Centro-2026.png","width":613,"height":460,"caption":"Cl\u00e1sica Sierra Centro"},"logo":{"@id":"https:\/\/clasicasierracentro.com\/wp-content\/uploads\/2025\/12\/cropped-Placa-XI-Clasica-Sierra-Centro-2026.png"},"sameAs":["http:\/\/clasicasierracentro.com"]}]}},"_links":{"self":[{"href":"https:\/\/clasicasierracentro.com\/index.php?rest_route=\/wp\/v2\/pages\/1231","targetHints":{"allow":["GET"]}}],"collection":[{"href":"https:\/\/clasicasierracentro.com\/index.php?rest_route=\/wp\/v2\/pages"}],"about":[{"href":"https:\/\/clasicasierracentro.com\/index.php?rest_route=\/wp\/v2\/types\/page"}],"author":[{"embeddable":true,"href":"https:\/\/clasicasierracentro.com\/index.php?rest_route=\/wp\/v2\/users\/1"}],"replies":[{"embeddable":true,"href":"https:\/\/clasicasierracentro.com\/index.php?rest_route=%2Fwp%2Fv2%2Fcomments&post=1231"}],"version-history":[{"count":11,"href":"https:\/\/clasicasierracentro.com\/index.php?rest_route=\/wp\/v2\/pages\/1231\/revisions"}],"predecessor-version":[{"id":1947,"href":"https:\/\/clasicasierracentro.com\/index.php?rest_route=\/wp\/v2\/pages\/1231\/revisions\/1947"}],"wp:attachment":[{"href":"https:\/\/clasicasierracentro.com\/index.php?rest_route=%2Fwp%2Fv2%2Fmedia&parent=1231"}],"curies":[{"name":"wp","href":"https:\/\/api.w.org\/{rel}","templated":true}]}}