{"id":228,"date":"2022-01-16T23:31:19","date_gmt":"2022-01-16T22:31:19","guid":{"rendered":"https:\/\/clasicasierracentro.com\/?page_id=228"},"modified":"2025-09-22T22:21:32","modified_gmt":"2025-09-22T21:21:32","slug":"iii-clasica-collado-mediano","status":"publish","type":"page","link":"https:\/\/clasicasierracentro.com\/?page_id=228","title":{"rendered":"III Cl\u00e1sica Collado Mediano"},"content":{"rendered":"\n<div class=\"wp-block-columns alignwide is-layout-flex wp-container-core-columns-is-layout-9d6595d7 wp-block-columns-is-layout-flex\">\n<div class=\"wp-block-column is-layout-flow wp-block-column-is-layout-flow\">\n<div class=\"wp-block-group has-background\" style=\"background-color:#ffffff\"><div class=\"wp-block-group__inner-container is-layout-flow wp-block-group-is-layout-flow\">\n<h2 class=\"wp-block-heading has-text-align-center\">Clasificaci\u00f3n<\/h2>\n\n\n\n<figure class=\"wp-block-image size-full\"><img loading=\"lazy\" decoding=\"async\" width=\"452\" height=\"144\" src=\"http:\/\/clasicasierracentro.com\/wp-content\/uploads\/2022\/01\/podium.jpg\" alt=\"\" class=\"wp-image-121\" srcset=\"https:\/\/clasicasierracentro.com\/wp-content\/uploads\/2022\/01\/podium.jpg 452w, https:\/\/clasicasierracentro.com\/wp-content\/uploads\/2022\/01\/podium-300x96.jpg 300w\" sizes=\"auto, (max-width: 452px) 100vw, 452px\" \/><\/figure>\n\n\n\n<p class=\"has-text-align-center\"><strong>1\u00ba- <strong>Jose Mar\u00eda <\/strong>Reviejo  \u2013  Miguel Mu\u00f1oz <\/strong><\/p>\n\n\n\n<p class=\"has-text-align-center\"><strong>2\u00ba- Julio Enrique Mart\u00edn \u2013 Blanca Pastor<\/strong><\/p>\n\n\n\n<p class=\"has-text-align-center\"><strong>3\u00ba- Alejandro Gimena \u2013 Beatriz Lopez<\/strong><\/p>\n\n\n\n<div class=\"wp-block-buttons is-horizontal is-content-justification-center is-layout-flex wp-container-core-buttons-is-layout-499968f5 wp-block-buttons-is-layout-flex\">\n<div class=\"wp-block-button is-style-outline is-style-outline--1\"><a class=\"wp-block-button__link has-primary-color has-text-color has-background wp-element-button\" href=\"https:\/\/docs.google.com\/spreadsheets\/d\/1Tpcu4g-oXrcSMosr3JNsOlDM4luPrB3k\/edit?usp=sharing&amp;ouid=102280316388655615614&amp;rtpof=true&amp;sd=true\" style=\"border-radius:25px;background-color:#1e73be\" target=\"_blank\" rel=\"noreferrer noopener\"><mark style=\"background-color:rgba(0, 0, 0, 0)\" class=\"has-inline-color has-background-color\"><strong>clasificaci\u00d3n<\/strong><\/mark><\/a><\/div>\n<\/div>\n<\/div><\/div>\n\n\n\n<figure class=\"wp-block-image size-large\"><img loading=\"lazy\" decoding=\"async\" width=\"1024\" height=\"683\" src=\"https:\/\/clasicasierracentro.com\/wp-content\/uploads\/2022\/01\/audi-3-1024x683.jpg\" alt=\"\" class=\"wp-image-246\" srcset=\"https:\/\/clasicasierracentro.com\/wp-content\/uploads\/2022\/01\/audi-3-1024x683.jpg 1024w, https:\/\/clasicasierracentro.com\/wp-content\/uploads\/2022\/01\/audi-3-300x200.jpg 300w, https:\/\/clasicasierracentro.com\/wp-content\/uploads\/2022\/01\/audi-3-768x512.jpg 768w, https:\/\/clasicasierracentro.com\/wp-content\/uploads\/2022\/01\/audi-3-1536x1024.jpg 1536w, https:\/\/clasicasierracentro.com\/wp-content\/uploads\/2022\/01\/audi-3-1200x800.jpg 1200w, https:\/\/clasicasierracentro.com\/wp-content\/uploads\/2022\/01\/audi-3-1980x1320.jpg 1980w, https:\/\/clasicasierracentro.com\/wp-content\/uploads\/2022\/01\/audi-3.jpg 2048w\" sizes=\"auto, (max-width: 1024px) 100vw, 1024px\" \/><\/figure>\n\n\n\n<figure class=\"wp-block-image size-large\"><img loading=\"lazy\" decoding=\"async\" width=\"1024\" height=\"513\" src=\"https:\/\/clasicasierracentro.com\/wp-content\/uploads\/2022\/01\/Placa-blanca-1024x513.png\" alt=\"\" class=\"wp-image-174\" srcset=\"https:\/\/clasicasierracentro.com\/wp-content\/uploads\/2022\/01\/Placa-blanca-1024x513.png 1024w, https:\/\/clasicasierracentro.com\/wp-content\/uploads\/2022\/01\/Placa-blanca-300x150.png 300w, https:\/\/clasicasierracentro.com\/wp-content\/uploads\/2022\/01\/Placa-blanca-768x384.png 768w, https:\/\/clasicasierracentro.com\/wp-content\/uploads\/2022\/01\/Placa-blanca-1536x769.png 1536w, https:\/\/clasicasierracentro.com\/wp-content\/uploads\/2022\/01\/Placa-blanca-1200x601.png 1200w, https:\/\/clasicasierracentro.com\/wp-content\/uploads\/2022\/01\/Placa-blanca.png 1600w\" sizes=\"auto, (max-width: 1024px) 100vw, 1024px\" \/><\/figure>\n<\/div>\n\n\n\n<div class=\"wp-block-column is-layout-flow wp-block-column-is-layout-flow\">\n<div class=\"wp-block-group has-background\" style=\"background-color:#ffffff\"><div class=\"wp-block-group__inner-container is-layout-flow wp-block-group-is-layout-flow\">\n<h2 class=\"wp-block-heading has-text-align-center\">Fotograf\u00edas<\/h2>\n\n\n<div class=\"wp-block-image\">\n<figure class=\"aligncenter size-full\"><img loading=\"lazy\" decoding=\"async\" width=\"200\" height=\"165\" src=\"https:\/\/clasicasierracentro.com\/wp-content\/uploads\/2025\/04\/Camara-fotos-e1758575331359.png\" alt=\"\" class=\"wp-image-1717\"\/><\/figure>\n<\/div>\n\n\n<div class=\"wp-block-buttons is-horizontal is-content-justification-center is-layout-flex wp-container-core-buttons-is-layout-499968f5 wp-block-buttons-is-layout-flex\">\n<div class=\"wp-block-button is-style-outline is-style-outline--2\"><a class=\"wp-block-button__link has-primary-color has-text-color has-background wp-element-button\" href=\"https:\/\/www.facebook.com\/media\/set\/?set=a.1905402249573764&amp;type=3\" style=\"border-radius:25px;background-color:#1e73be\" target=\"_blank\" rel=\"noreferrer noopener\"><mark style=\"background-color:rgba(0, 0, 0, 0)\" class=\"has-inline-color has-background-color\"><strong>\u00e1lbum 1<\/strong><\/mark><\/a><\/div>\n\n\n\n<div class=\"wp-block-button is-style-outline is-style-outline--3\"><a class=\"wp-block-button__link has-primary-color has-text-color has-background wp-element-button\" href=\"https:\/\/www.facebook.com\/media\/set\/?set=a.1905413476239308&amp;type=3\" style=\"border-radius:25px;background-color:#1e73be\" target=\"_blank\" rel=\"noreferrer noopener\"><mark style=\"background-color:rgba(0, 0, 0, 0)\" class=\"has-inline-color has-background-color\"><strong>entrega de trofeos<\/strong><\/mark><\/a><\/div>\n<\/div>\n<\/div><\/div>\n\n\n\n<figure class=\"wp-block-image size-full\"><img decoding=\"async\" src=\"http:\/\/clasicasierracentro.com\/wp-content\/uploads\/2022\/01\/cartel-3.jpg\" alt=\"\" class=\"wp-image-257\"\/><\/figure>\n<\/div>\n<\/div>\n","protected":false},"excerpt":{"rendered":"<p>Clasificaci\u00f3n 1\u00ba- Jose Mar\u00eda Reviejo \u2013 Miguel Mu\u00f1oz 2\u00ba- Julio Enrique Mart\u00edn \u2013 Blanca Pastor 3\u00ba- Alejandro Gimena \u2013 Beatriz Lopez Fotograf\u00edas<\/p>\n","protected":false},"author":1,"featured_media":0,"parent":0,"menu_order":0,"comment_status":"closed","ping_status":"closed","template":"","meta":{"om_disable_all_campaigns":false,"_monsterinsights_skip_tracking":false,"_monsterinsights_sitenote_active":false,"_monsterinsights_sitenote_note":"","_monsterinsights_sitenote_category":0,"footnotes":""},"class_list":["post-228","page","type-page","status-publish","hentry"],"yoast_head":"<!-- This site is optimized with the Yoast SEO plugin v27.4 - https:\/\/yoast.com\/product\/yoast-seo-wordpress\/ -->\n<title>III Cl\u00e1sica Collado Mediano | CL\u00c1SICA SIERRA CENTRO<\/title>\n<meta name=\"robots\" content=\"index, follow, max-snippet:-1, max-image-preview:large, max-video-preview:-1\" \/>\n<link rel=\"canonical\" href=\"https:\/\/clasicasierracentro.com\/?page_id=228\" \/>\n<meta property=\"og:locale\" content=\"es_ES\" \/>\n<meta property=\"og:type\" content=\"article\" \/>\n<meta property=\"og:title\" content=\"III Cl\u00e1sica Collado Mediano | CL\u00c1SICA SIERRA CENTRO\" \/>\n<meta property=\"og:description\" content=\"Clasificaci\u00f3n 1\u00ba- Jose Mar\u00eda Reviejo \u2013 Miguel Mu\u00f1oz 2\u00ba- Julio Enrique Mart\u00edn \u2013 Blanca Pastor 3\u00ba- Alejandro Gimena \u2013 Beatriz Lopez Fotograf\u00edas\" \/>\n<meta property=\"og:url\" content=\"https:\/\/clasicasierracentro.com\/?page_id=228\" \/>\n<meta property=\"og:site_name\" content=\"CL\u00c1SICA SIERRA CENTRO\" \/>\n<meta property=\"article:modified_time\" content=\"2025-09-22T21:21:32+00:00\" \/>\n<meta property=\"og:image\" content=\"https:\/\/clasicasierracentro.com\/wp-content\/uploads\/2022\/01\/podium.jpg\" \/>\n\t<meta property=\"og:image:width\" content=\"452\" \/>\n\t<meta property=\"og:image:height\" content=\"144\" \/>\n\t<meta property=\"og:image:type\" content=\"image\/jpeg\" \/>\n<meta name=\"twitter:card\" content=\"summary_large_image\" \/>\n<meta name=\"twitter:label1\" content=\"Tiempo de lectura\" \/>\n\t<meta name=\"twitter:data1\" content=\"1 minuto\" \/>\n<script type=\"application\/ld+json\" class=\"yoast-schema-graph\">{\"@context\":\"https:\\\/\\\/schema.org\",\"@graph\":[{\"@type\":\"WebPage\",\"@id\":\"https:\\\/\\\/clasicasierracentro.com\\\/?page_id=228\",\"url\":\"https:\\\/\\\/clasicasierracentro.com\\\/?page_id=228\",\"name\":\"III Cl\u00e1sica Collado Mediano | CL\u00c1SICA SIERRA CENTRO\",\"isPartOf\":{\"@id\":\"https:\\\/\\\/clasicasierracentro.com\\\/#website\"},\"primaryImageOfPage\":{\"@id\":\"https:\\\/\\\/clasicasierracentro.com\\\/?page_id=228#primaryimage\"},\"image\":{\"@id\":\"https:\\\/\\\/clasicasierracentro.com\\\/?page_id=228#primaryimage\"},\"thumbnailUrl\":\"http:\\\/\\\/clasicasierracentro.com\\\/wp-content\\\/uploads\\\/2022\\\/01\\\/podium.jpg\",\"datePublished\":\"2022-01-16T22:31:19+00:00\",\"dateModified\":\"2025-09-22T21:21:32+00:00\",\"breadcrumb\":{\"@id\":\"https:\\\/\\\/clasicasierracentro.com\\\/?page_id=228#breadcrumb\"},\"inLanguage\":\"es\",\"potentialAction\":[{\"@type\":\"ReadAction\",\"target\":[\"https:\\\/\\\/clasicasierracentro.com\\\/?page_id=228\"]}]},{\"@type\":\"ImageObject\",\"inLanguage\":\"es\",\"@id\":\"https:\\\/\\\/clasicasierracentro.com\\\/?page_id=228#primaryimage\",\"url\":\"http:\\\/\\\/clasicasierracentro.com\\\/wp-content\\\/uploads\\\/2022\\\/01\\\/podium.jpg\",\"contentUrl\":\"http:\\\/\\\/clasicasierracentro.com\\\/wp-content\\\/uploads\\\/2022\\\/01\\\/podium.jpg\"},{\"@type\":\"BreadcrumbList\",\"@id\":\"https:\\\/\\\/clasicasierracentro.com\\\/?page_id=228#breadcrumb\",\"itemListElement\":[{\"@type\":\"ListItem\",\"position\":1,\"name\":\"Portada\",\"item\":\"https:\\\/\\\/clasicasierracentro.com\\\/\"},{\"@type\":\"ListItem\",\"position\":2,\"name\":\"III Cl\u00e1sica Collado Mediano\"}]},{\"@type\":\"WebSite\",\"@id\":\"https:\\\/\\\/clasicasierracentro.com\\\/#website\",\"url\":\"https:\\\/\\\/clasicasierracentro.com\\\/\",\"name\":\"CL\u00c1SICA SIERRA CENTRO\",\"description\":\"CL\u00c1SICA SIERRA CENTRO\",\"publisher\":{\"@id\":\"https:\\\/\\\/clasicasierracentro.com\\\/#\\\/schema\\\/person\\\/0dbe694ae3855c65b8c501f1728ad93a\"},\"potentialAction\":[{\"@type\":\"SearchAction\",\"target\":{\"@type\":\"EntryPoint\",\"urlTemplate\":\"https:\\\/\\\/clasicasierracentro.com\\\/?s={search_term_string}\"},\"query-input\":{\"@type\":\"PropertyValueSpecification\",\"valueRequired\":true,\"valueName\":\"search_term_string\"}}],\"inLanguage\":\"es\"},{\"@type\":[\"Person\",\"Organization\"],\"@id\":\"https:\\\/\\\/clasicasierracentro.com\\\/#\\\/schema\\\/person\\\/0dbe694ae3855c65b8c501f1728ad93a\",\"name\":\"Cl\u00e1sica Sierra Centro\",\"image\":{\"@type\":\"ImageObject\",\"inLanguage\":\"es\",\"@id\":\"https:\\\/\\\/clasicasierracentro.com\\\/wp-content\\\/uploads\\\/2025\\\/12\\\/cropped-Placa-XI-Clasica-Sierra-Centro-2026.png\",\"url\":\"https:\\\/\\\/clasicasierracentro.com\\\/wp-content\\\/uploads\\\/2025\\\/12\\\/cropped-Placa-XI-Clasica-Sierra-Centro-2026.png\",\"contentUrl\":\"https:\\\/\\\/clasicasierracentro.com\\\/wp-content\\\/uploads\\\/2025\\\/12\\\/cropped-Placa-XI-Clasica-Sierra-Centro-2026.png\",\"width\":613,\"height\":460,\"caption\":\"Cl\u00e1sica Sierra Centro\"},\"logo\":{\"@id\":\"https:\\\/\\\/clasicasierracentro.com\\\/wp-content\\\/uploads\\\/2025\\\/12\\\/cropped-Placa-XI-Clasica-Sierra-Centro-2026.png\"},\"sameAs\":[\"http:\\\/\\\/clasicasierracentro.com\"]}]}<\/script>\n<!-- \/ Yoast SEO plugin. -->","yoast_head_json":{"title":"III Cl\u00e1sica Collado Mediano | CL\u00c1SICA SIERRA CENTRO","robots":{"index":"index","follow":"follow","max-snippet":"max-snippet:-1","max-image-preview":"max-image-preview:large","max-video-preview":"max-video-preview:-1"},"canonical":"https:\/\/clasicasierracentro.com\/?page_id=228","og_locale":"es_ES","og_type":"article","og_title":"III Cl\u00e1sica Collado Mediano | CL\u00c1SICA SIERRA CENTRO","og_description":"Clasificaci\u00f3n 1\u00ba- Jose Mar\u00eda Reviejo \u2013 Miguel Mu\u00f1oz 2\u00ba- Julio Enrique Mart\u00edn \u2013 Blanca Pastor 3\u00ba- Alejandro Gimena \u2013 Beatriz Lopez Fotograf\u00edas","og_url":"https:\/\/clasicasierracentro.com\/?page_id=228","og_site_name":"CL\u00c1SICA SIERRA CENTRO","article_modified_time":"2025-09-22T21:21:32+00:00","og_image":[{"width":452,"height":144,"url":"https:\/\/clasicasierracentro.com\/wp-content\/uploads\/2022\/01\/podium.jpg","type":"image\/jpeg"}],"twitter_card":"summary_large_image","twitter_misc":{"Tiempo de lectura":"1 minuto"},"schema":{"@context":"https:\/\/schema.org","@graph":[{"@type":"WebPage","@id":"https:\/\/clasicasierracentro.com\/?page_id=228","url":"https:\/\/clasicasierracentro.com\/?page_id=228","name":"III Cl\u00e1sica Collado Mediano | CL\u00c1SICA SIERRA CENTRO","isPartOf":{"@id":"https:\/\/clasicasierracentro.com\/#website"},"primaryImageOfPage":{"@id":"https:\/\/clasicasierracentro.com\/?page_id=228#primaryimage"},"image":{"@id":"https:\/\/clasicasierracentro.com\/?page_id=228#primaryimage"},"thumbnailUrl":"http:\/\/clasicasierracentro.com\/wp-content\/uploads\/2022\/01\/podium.jpg","datePublished":"2022-01-16T22:31:19+00:00","dateModified":"2025-09-22T21:21:32+00:00","breadcrumb":{"@id":"https:\/\/clasicasierracentro.com\/?page_id=228#breadcrumb"},"inLanguage":"es","potentialAction":[{"@type":"ReadAction","target":["https:\/\/clasicasierracentro.com\/?page_id=228"]}]},{"@type":"ImageObject","inLanguage":"es","@id":"https:\/\/clasicasierracentro.com\/?page_id=228#primaryimage","url":"http:\/\/clasicasierracentro.com\/wp-content\/uploads\/2022\/01\/podium.jpg","contentUrl":"http:\/\/clasicasierracentro.com\/wp-content\/uploads\/2022\/01\/podium.jpg"},{"@type":"BreadcrumbList","@id":"https:\/\/clasicasierracentro.com\/?page_id=228#breadcrumb","itemListElement":[{"@type":"ListItem","position":1,"name":"Portada","item":"https:\/\/clasicasierracentro.com\/"},{"@type":"ListItem","position":2,"name":"III Cl\u00e1sica Collado Mediano"}]},{"@type":"WebSite","@id":"https:\/\/clasicasierracentro.com\/#website","url":"https:\/\/clasicasierracentro.com\/","name":"CL\u00c1SICA SIERRA CENTRO","description":"CL\u00c1SICA SIERRA CENTRO","publisher":{"@id":"https:\/\/clasicasierracentro.com\/#\/schema\/person\/0dbe694ae3855c65b8c501f1728ad93a"},"potentialAction":[{"@type":"SearchAction","target":{"@type":"EntryPoint","urlTemplate":"https:\/\/clasicasierracentro.com\/?s={search_term_string}"},"query-input":{"@type":"PropertyValueSpecification","valueRequired":true,"valueName":"search_term_string"}}],"inLanguage":"es"},{"@type":["Person","Organization"],"@id":"https:\/\/clasicasierracentro.com\/#\/schema\/person\/0dbe694ae3855c65b8c501f1728ad93a","name":"Cl\u00e1sica Sierra Centro","image":{"@type":"ImageObject","inLanguage":"es","@id":"https:\/\/clasicasierracentro.com\/wp-content\/uploads\/2025\/12\/cropped-Placa-XI-Clasica-Sierra-Centro-2026.png","url":"https:\/\/clasicasierracentro.com\/wp-content\/uploads\/2025\/12\/cropped-Placa-XI-Clasica-Sierra-Centro-2026.png","contentUrl":"https:\/\/clasicasierracentro.com\/wp-content\/uploads\/2025\/12\/cropped-Placa-XI-Clasica-Sierra-Centro-2026.png","width":613,"height":460,"caption":"Cl\u00e1sica Sierra Centro"},"logo":{"@id":"https:\/\/clasicasierracentro.com\/wp-content\/uploads\/2025\/12\/cropped-Placa-XI-Clasica-Sierra-Centro-2026.png"},"sameAs":["http:\/\/clasicasierracentro.com"]}]}},"_links":{"self":[{"href":"https:\/\/clasicasierracentro.com\/index.php?rest_route=\/wp\/v2\/pages\/228","targetHints":{"allow":["GET"]}}],"collection":[{"href":"https:\/\/clasicasierracentro.com\/index.php?rest_route=\/wp\/v2\/pages"}],"about":[{"href":"https:\/\/clasicasierracentro.com\/index.php?rest_route=\/wp\/v2\/types\/page"}],"author":[{"embeddable":true,"href":"https:\/\/clasicasierracentro.com\/index.php?rest_route=\/wp\/v2\/users\/1"}],"replies":[{"embeddable":true,"href":"https:\/\/clasicasierracentro.com\/index.php?rest_route=%2Fwp%2Fv2%2Fcomments&post=228"}],"version-history":[{"count":19,"href":"https:\/\/clasicasierracentro.com\/index.php?rest_route=\/wp\/v2\/pages\/228\/revisions"}],"predecessor-version":[{"id":1858,"href":"https:\/\/clasicasierracentro.com\/index.php?rest_route=\/wp\/v2\/pages\/228\/revisions\/1858"}],"wp:attachment":[{"href":"https:\/\/clasicasierracentro.com\/index.php?rest_route=%2Fwp%2Fv2%2Fmedia&parent=228"}],"curies":[{"name":"wp","href":"https:\/\/api.w.org\/{rel}","templated":true}]}}